{"id":851,"date":"2013-04-17T08:58:50","date_gmt":"2013-04-17T06:58:50","guid":{"rendered":"http:\/\/www.vs-ludmannsdorf-bilcovs.at\/?page_id=851"},"modified":"2016-10-28T06:58:07","modified_gmt":"2016-10-28T04:58:07","slug":"fur-kinder-za-otroke","status":"publish","type":"page","link":"https:\/\/www.vs-ludmannsdorf-bilcovs.at\/?page_id=851","title":{"rendered":"F\u00fcr Kinder | Za otroke"},"content":{"rendered":"<p><a title=\"ZOOM Kindermuseum | ZOOM muzej za otroke\" href=\"http:\/\/www.kindermuseum.at\/\" target=\"_blank\"><span style=\"text-decoration: underline;\">zoom.at<img loading=\"lazy\" decoding=\"async\" class=\"alignright\" src=\"http:\/\/sr.photos2.fotosearch.com\/bthumb\/CSP\/CSP912\/k9128274.jpg\" alt=\"\" width=\"170\" height=\"170\"><\/span><br \/>\n<\/a>Das ZOOM Kindermuseum will Kindern ein Ort des spielerischen Forschens, Erfahrens und Lernens sein | ZOOM je muzej za otroke<\/p>\n<p><a title=\"Antolin\" href=\"http:\/\/www.antolin.de\/\" target=\"_blank\"><span style=\"text-decoration: underline;\">antolin.de<\/span><br \/>\n<\/a>Online-Portal zur&nbsp;Lesef\u00f6rderung | Online-portal za pospe\u0161evanje branja<\/p>\n<p><span style=\"text-decoration: underline;\"><a title=\"Mala sova\" href=\"http:\/\/mala.sova.at\/\" target=\"_blank\">mala.sova.at<\/a><\/span><br \/>\nSlowenische Lernspiele |&nbsp;Slovenske u\u010dne igre<\/p>\n<p><span style=\"text-decoration: underline;\"><a href=\"http:\/\/www.sloviklik.at\/\" target=\"_blank\">sloviklik.at<\/a><\/span><br \/>\nSlowenische Lernspiele |&nbsp;Slovenske u\u010dne igre<\/p>\n<p><span style=\"text-decoration: underline;\"><a title=\"Mladi rod\" href=\"http:\/\/www.mladirod.at\/\" target=\"_blank\">Mladi rod<\/a><\/span><br \/>\nSlowenische Sch\u00fclerzeitung | Slovenski&nbsp;\u010dasopis za \u0161olarje<\/p>\n<p><span style=\"text-decoration: underline;\"><a href=\"http:\/\/devetka.net\/index.php?sid=597b5c52908a54a10f4197f39257d215\" target=\"_blank\">Zbirka spletnih nalog<\/a><\/span><br \/>\nSlowenische interaktive \u00dcbungen | Slovenske interaktivne vaje<\/p>\n<p><span style=\"text-decoration: underline;\"><a href=\"http:\/\/www.blinde-kuh.de\/\" target=\"_blank\">blinde-kuh.de<\/a><\/span><br \/>\nLernspiele, Links, Anleitungen | U\u010dne igre, povezave, navodila<\/p>\n<p><a href=\"http:\/\/kidsweb.wien\/startseite\/\" target=\"_blank\"><span style=\"text-decoration: underline;\">kidsweb.at<\/span><\/a><br \/>\nMultimediale Inhalte f\u00fcr Kinder | Multimedijske vsebine za otroke<\/p>\n<p><span style=\"text-decoration: underline;\"><a title=\"Was ist was? | Kaj je kaj?\" href=\"http:\/\/www.wasistwas.de\/aktuelles.html\" target=\"_blank\">wasistwas.de<\/a><\/span><br \/>\nWissenswelten f\u00fcr Kinder | Svetovi znanje za otroke<\/p>\n<p><span style=\"text-decoration: underline;\"><a title=\"Kinderlexikon | Leksikon za otroke\" href=\"http:\/\/www.kinderlexikon.de\/\" target=\"_blank\">kinderlexikon.de<\/a><\/span><br \/>\nSch\u00fcler erstellen f\u00fcr Kinder ein Lexikon | \u0160olarji pripravijo leksikon za otroke<\/p>\n<p><span style=\"text-decoration: underline;\"><a title=\"Kinder Tierlexikon | Leksikon o \u017eivalih\" href=\"http:\/\/www.kinder-tierlexikon.de\/\" target=\"_blank\">kinder.tierlexikon.de<\/a><\/span><br \/>\nWer mehr \u00fcber Tier wissen will | Kdor ho\u010de vedeti ve\u010d o \u017eivalih<\/p>\n<p><span style=\"text-decoration: underline;\"><a title=\"Physik for kids | Fizika za otroke\" href=\"http:\/\/www.physikforkids.de\/\" target=\"_blank\">physikforkids.de<\/a><\/span><br \/>\nPhysikalische Versuche | Fizikali\u010dni poskusi<\/p>\n<p><span style=\"text-decoration: underline;\"><a title=\"Lernort Natur | Narava - pou\u010dni kraj \" href=\"http:\/\/www.lernort-natur.de\/\" target=\"_blank\">lernort-natur.de<\/a><\/span><br \/>\nJ\u00e4ger und J\u00e4gerinnen laden Lehrer und Sch\u00fcler ein, das Abenteuer der Natur zu entdecken | Lovci in lovke povabijo u\u010ditelje in otroke, da odkrijejo naravo<\/p>\n<p><span style=\"text-decoration: underline;\"><a href=\"http:\/\/www.helmi.at\/\" target=\"_blank\">helmi.at<\/a><\/span><br \/>\nKinderverkehrsclub | Klub za otroke v prometu<\/p>\n<p><span style=\"text-decoration: underline;\"><a title=\"Kinderbuchforum |Forum za otro\u0161ke knjige\" href=\"http:\/\/www.kinderbuchforum.de\/\" target=\"_blank\">kinderbuchforum.de<\/a><\/span><br \/>\nF\u00f6rderung des Lesens und Schreibens | Pospe\u0161evanje branja in pisanja<\/p>\n<p><span style=\"text-decoration: underline;\"><a href=\"http:\/\/www.kikisweb.de\/ausdrucken\/stunden\/stundenplan.htm\" target=\"_blank\">stundenplan.htm<\/a><\/span><br \/>\nGestalte deinen pers\u00f6nlichen Stundenplan | Oblikuj svoj osebni urnik<\/p>\n<p><a href=\"http:\/\/www.der-stundenplan.de\/\" target=\"_blank\"><span style=\"text-decoration: underline;\">der.stundeplan.de<\/span><\/a><br \/>\nStundeplan-Gestalter | Oblikovalec urnika<\/p>\n<p><a href=\"http:\/\/www.raetsel-fuer-kinder.de\/\" target=\"_blank\"><span style=\"text-decoration: underline;\">raetsel-fuer-kinder.de<\/span><\/a><br \/>\nKinderr\u00e4tsel | Uganke za otroke<\/p>\n","protected":false},"excerpt":{"rendered":"<p>zoom.at Das ZOOM Kindermuseum will Kindern ein Ort des spielerischen Forschens, Erfahrens und Lernens sein | ZOOM je muzej za otroke antolin.de Online-Portal zur&nbsp;Lesef\u00f6rderung | Online-portal za pospe\u0161evanje branja mala.sova.at Slowenische Lernspiele |&nbsp;Slovenske u\u010dne igre sloviklik.at Slowenische Lernspiele |&nbsp;Slovenske u\u010dne igre Mladi rod Slowenische Sch\u00fclerzeitung | Slovenski&nbsp;\u010dasopis za \u0161olarje Zbirka spletnih nalog Slowenische interaktive \u00dcbungen [&hellip;]<\/p>\n","protected":false},"author":1,"featured_media":0,"parent":394,"menu_order":0,"comment_status":"open","ping_status":"open","template":"","meta":{"ngg_post_thumbnail":0,"footnotes":""},"class_list":["post-851","page","type-page","status-publish"],"_links":{"self":[{"href":"https:\/\/www.vs-ludmannsdorf-bilcovs.at\/index.php?rest_route=\/wp\/v2\/pages\/851","targetHints":{"allow":["GET"]}}],"collection":[{"href":"https:\/\/www.vs-ludmannsdorf-bilcovs.at\/index.php?rest_route=\/wp\/v2\/pages"}],"about":[{"href":"https:\/\/www.vs-ludmannsdorf-bilcovs.at\/index.php?rest_route=\/wp\/v2\/types\/page"}],"author":[{"embeddable":true,"href":"https:\/\/www.vs-ludmannsdorf-bilcovs.at\/index.php?rest_route=\/wp\/v2\/users\/1"}],"replies":[{"embeddable":true,"href":"https:\/\/www.vs-ludmannsdorf-bilcovs.at\/index.php?rest_route=%2Fwp%2Fv2%2Fcomments&post=851"}],"version-history":[{"count":0,"href":"https:\/\/www.vs-ludmannsdorf-bilcovs.at\/index.php?rest_route=\/wp\/v2\/pages\/851\/revisions"}],"up":[{"embeddable":true,"href":"https:\/\/www.vs-ludmannsdorf-bilcovs.at\/index.php?rest_route=\/wp\/v2\/pages\/394"}],"wp:attachment":[{"href":"https:\/\/www.vs-ludmannsdorf-bilcovs.at\/index.php?rest_route=%2Fwp%2Fv2%2Fmedia&parent=851"}],"curies":[{"name":"wp","href":"https:\/\/api.w.org\/{rel}","templated":true}]}}