{"id":644,"date":"2013-02-25T12:45:25","date_gmt":"2013-02-25T11:45:25","guid":{"rendered":"http:\/\/www.vs-ludmannsdorf-bilcovs.at\/?page_id=644"},"modified":"2024-09-30T08:58:35","modified_gmt":"2024-09-30T06:58:35","slug":"schulerhort-varstvo","status":"publish","type":"page","link":"https:\/\/www.vs-ludmannsdorf-bilcovs.at\/?page_id=644","title":{"rendered":"Schulische Tagesbetreuung | Popoldansko bivanje"},"content":{"rendered":"<p>Die Aufgabe der schulischen Tagesbetreuung ist es, f\u00fcr die Kinder einen Lebensraum zu schaffen, an dem sie sich den ganzen Tag wohlf\u00fchlen k\u00f6nnen!<br \/>Sie sollten Schule, Lernen, Freunde und Freizeit in anregender und angenehmer Atmosph\u00e4re verbinden k\u00f6nnen!<br \/>In der schulischen Tagesbetreuung werden Lernorte , Freizeit-, Kreativit\u00e4t- und Sportangebote und ein Raum f\u00fcr R\u00fcckzugsm\u00f6glichkeiten geboten!<br \/>In das Konzept der schulischen Tagesbetreuung ist eine Betreuungsstunde am Tag, einer Lehrkraft mit eingebunden.<br \/>Die Fachkr\u00e4fte der schulischen Tagesbetreuung unterst\u00fctzen das Kind bei der Aufgabe, sich selbst aktiv seine Welt zu gestalten und sich die&nbsp;dazu erforderlichen Kenntnisse, F\u00e4higkeiten und Fertigkeiten anzueignen.<\/p>\n<h6><span style=\"color: #a40e0e;\"><strong><span style=\"text-decoration: underline;\">ANMELDUNG<\/span> | <span style=\"text-decoration: underline;\">PRIJAVA<\/span><\/strong><\/span><\/h6>\n<p>Bei der Schuleinschreibung m\u00fcssen Eltern&nbsp;den Bedarf melden (Voranmeldung). Auf Basis dieser Meldungen wird dann entschieden, ob eine ganzt\u00e4gige Betreuung angeboten wird. Die Anmeldung ist f\u00fcr alle oder nur f\u00fcr einzelne Schultage m\u00f6glich. Wird die Voranmeldung nicht&nbsp;innerhalb der ersten Schulwoche jedes Schuljahres widerrufen, <span style=\"text-decoration: underline;\"><strong>gilt sie f\u00fcr das gesamte Unterrichtsjahr<\/strong><\/span>.<\/p>\n<h6><span style=\"color: #a40e0e;\"><strong><span style=\"text-decoration: underline;\">KOSTEN<\/span> | <span style=\"text-decoration: underline;\">STRO\u0160KI<\/span><\/strong><\/span><\/h6>\n<p>\u00dcber die H\u00f6he des Selbstkostenanteils f\u00fcr die&nbsp;Betreuung&nbsp;entscheidet die Gemeinde. Der Elternbeitrag ist abh\u00e4ngig von der Anmeldezahl und dem Freizeitangebot.<\/p>\n<p><span style=\"color: #a40e0e;\"><strong>Derzeitige monatliche Kosten f\u00fcr den Betreuungsteil | Trenutni mese\u010dni stro\u0161ki:<\/strong><\/span><\/p>\n<ul>\n<li>bei einem 5-t\u00e4gigen Besuch: \u20ac 100,- | prijava za 5 dni: \u20ac 100,-<\/li>\n<li>bei einem 4-t\u00e4gigen Besuch: \u20ac 93,- | prijava za 4 dni: \u20ac 93,-<\/li>\n<li>bei einem 3-t\u00e4gigen Besuch: \u20ac 82,- | prijava za 3 dni: \u20ac 82,-<\/li>\n<li>bei einem 2-t\u00e4gigen Besuch: \u20ac 58,- | prijava za 2 dni: \u20ac 58,-<\/li>\n<li>bei einem 1-t\u00e4gigen Besuch: \u20ac 40,- | prijava za 1 dan: \u20ac 40,-<\/li>\n<\/ul>\n<p><span style=\"color: #a40e0e;\"><strong>Monatlicher Essensbeitrag | Mese\u010dni prispevek za kosilo:<\/strong><\/span><\/p>\n<ul>\n<li>bei einem 5-t\u00e4gigen Besuch: \u20ac 86,- | prijava za 5 dni: \u20ac 86,-<\/li>\n<li>bei einem 4-t\u00e4gigen Besuch: \u20ac 68,80 | prijava za 4 dni: \u20ac 68,80<\/li>\n<li>bei einem 3-t\u00e4gigen Besuch: \u20ac 51,60 | prijava za 3 dni: \u20ac 51,60<\/li>\n<li>bei einem 2-t\u00e4gigen Besuch: \u20ac 34,40 | prijava za 2 dni: \u20ac 34,40<\/li>\n<li>bei einem 1-t\u00e4gigen Besuch: \u20ac 17,20 | prijava za 1 dan: \u20ac 17,20<\/li>\n<\/ul>\n<h6><span style=\"color: #a40e0e;\"><strong><span style=\"text-decoration: underline;\">ANWESENHEITSPFLICHT<\/span> | <span style=\"text-decoration: underline;\">OBVEZNOST NAVZO\u010cNOSTI<\/span><\/strong><\/span><\/h6>\n<p>Um ein qualitativ hochwertiges Angebot f\u00fcr die Kinder bieten zu k\u00f6nnen, ist es notwendig eine entsprechende Zeitspanne f\u00fcr die Arbeit mit den Kindern zur Verf\u00fcgung zu haben. Deswegen ist nach erfolgter Anmeldung die Betreuung <strong><span style=\"text-decoration: underline;\">bis mind. 16:00h<\/span><\/strong> vorgesehen und erm\u00f6glicht Lernen und Freizeit zur F\u00f6rderung der Kinder.&nbsp;Sch\u00fclerinnen und Sch\u00fcler sind verpflichtet, den Betreuungsteil auch regelm\u00e4\u00dfig und p\u00fcnktlich zu besuchen.<br \/>Das Fernbleiben vom Betreuungsteil ist nur zul\u00e4ssig:&nbsp;bei gerechtfertigter Verhinderung und im Falle, dass die Schulleitung oder der Leiter bzw. die Leiterin des Betreuungsteils die Erlaubnis zum Fernbleiben erteilt.<\/p>\n<p><span style=\"color: #a40e0e;\"><strong>\u00d6ffnungsszeiten | Obratovalni \u010das:<\/strong><\/span><\/p>\n<ul>\n<li>Montag bis Donnerstag: ab Unterrichtsende bis 17:00h | od ponedeljka do \u010detrtka: od konca pouka do 17:00h<\/li>\n<li>Freitag: ab Unterrichtsende bis 16:00h | petek: od konca pouka do 16:00h<\/li>\n<\/ul>\n<h6><span style=\"color: #a40e0e;\"><strong><span style=\"text-decoration: underline;\">ABMELDUNG<\/span> &nbsp;| <span style=\"text-decoration: underline;\">ODJAVA<\/span><\/strong><\/span><\/h6>\n<p>W\u00e4hrend des Unterrichtsjahres ist eine Abmeldung vom Betreuungsteil <span style=\"text-decoration: underline;\"><strong>nur zum Ende des ersten Semesters<\/strong><\/span> m\u00f6glich. Diese Abmeldung hat sp\u00e4testens drei Wochen vor dem Ende des ersten Semesters zu erfolgen.<br \/>Zu einem anderen Zeitpunkt ist eine Abmeldung nur bei Vorliegen besonders ber\u00fccksichtigungsw\u00fcrdiger Gr\u00fcnde m\u00f6glich.<\/p>\n\n<div class=\"wp-block-image\">\n<figure class=\"alignleft size-large is-resized\"><a href=\"http:\/\/www.vs-ludmannsdorf-bilcovs.at\/wp-content\/uploads\/Sonja-1-scaled.jpg\"><img loading=\"lazy\" decoding=\"async\" width=\"732\" height=\"1024\" src=\"http:\/\/www.vs-ludmannsdorf-bilcovs.at\/wp-content\/uploads\/Sonja-1-732x1024.jpg\" alt=\"\" class=\"wp-image-23635\" style=\"width:183px;height:256px\" srcset=\"https:\/\/www.vs-ludmannsdorf-bilcovs.at\/wp-content\/uploads\/Sonja-1-732x1024.jpg 732w, https:\/\/www.vs-ludmannsdorf-bilcovs.at\/wp-content\/uploads\/Sonja-1-214x300.jpg 214w, https:\/\/www.vs-ludmannsdorf-bilcovs.at\/wp-content\/uploads\/Sonja-1-768x1075.jpg 768w, https:\/\/www.vs-ludmannsdorf-bilcovs.at\/wp-content\/uploads\/Sonja-1-1098x1536.jpg 1098w, https:\/\/www.vs-ludmannsdorf-bilcovs.at\/wp-content\/uploads\/Sonja-1-1464x2048.jpg 1464w, https:\/\/www.vs-ludmannsdorf-bilcovs.at\/wp-content\/uploads\/Sonja-1-696x974.jpg 696w, https:\/\/www.vs-ludmannsdorf-bilcovs.at\/wp-content\/uploads\/Sonja-1-1068x1494.jpg 1068w, https:\/\/www.vs-ludmannsdorf-bilcovs.at\/wp-content\/uploads\/Sonja-1-1920x2687.jpg 1920w, https:\/\/www.vs-ludmannsdorf-bilcovs.at\/wp-content\/uploads\/Sonja-1-300x420.jpg 300w, https:\/\/www.vs-ludmannsdorf-bilcovs.at\/wp-content\/uploads\/Sonja-1-scaled.jpg 1829w\" sizes=\"auto, (max-width: 732px) 100vw, 732px\" \/><\/a><\/figure>\n<\/div>\n\n\n<p class=\"has-vivid-red-color has-text-color\"><strong>Sonja Gasser <\/strong>(Leiterin des Betreuungsteils der schulischen Tagesbetreuung | Popoldansko bivanje)<\/p>\n\n\n\n<p class=\"has-black-color has-text-color\"><br>\u21d2 9072 Ludmannsdorf\/Bil\u010dovs 44<br>\u21d2 +43 (0)664\/88732639<br>\u21d2 <a href=\"mailto:ludmannsdorf.stb1@ktn.gde.at\">ludmannsdorf.stb1@ktn.gde.at<\/a><\/p>\n\n\n\n<p><\/p>\n\n\n\n<p><\/p>\n\n\n\n<p><a href=\"https:\/\/ludmannsdorf.at\/schulische-tagesbetreuung\/\">\u2192 mehr Informationen: schulische Tagesbetreuung&nbsp;| \u2192&nbsp;ve\u010d informacij:&nbsp;popoldansko bivanje<\/a><\/p>\n","protected":false},"excerpt":{"rendered":"<p>Die Aufgabe der schulischen Tagesbetreuung ist es, f\u00fcr die Kinder einen Lebensraum zu schaffen, an dem sie sich den ganzen Tag wohlf\u00fchlen k\u00f6nnen!Sie sollten Schule, Lernen, Freunde und Freizeit in anregender und angenehmer Atmosph\u00e4re verbinden k\u00f6nnen!In der schulischen Tagesbetreuung werden Lernorte , Freizeit-, Kreativit\u00e4t- und Sportangebote und ein Raum f\u00fcr R\u00fcckzugsm\u00f6glichkeiten geboten!In das Konzept der [&hellip;]<\/p>\n","protected":false},"author":1,"featured_media":0,"parent":5,"menu_order":0,"comment_status":"open","ping_status":"open","template":"","meta":{"ngg_post_thumbnail":0,"footnotes":""},"class_list":["post-644","page","type-page","status-publish"],"_links":{"self":[{"href":"https:\/\/www.vs-ludmannsdorf-bilcovs.at\/index.php?rest_route=\/wp\/v2\/pages\/644","targetHints":{"allow":["GET"]}}],"collection":[{"href":"https:\/\/www.vs-ludmannsdorf-bilcovs.at\/index.php?rest_route=\/wp\/v2\/pages"}],"about":[{"href":"https:\/\/www.vs-ludmannsdorf-bilcovs.at\/index.php?rest_route=\/wp\/v2\/types\/page"}],"author":[{"embeddable":true,"href":"https:\/\/www.vs-ludmannsdorf-bilcovs.at\/index.php?rest_route=\/wp\/v2\/users\/1"}],"replies":[{"embeddable":true,"href":"https:\/\/www.vs-ludmannsdorf-bilcovs.at\/index.php?rest_route=%2Fwp%2Fv2%2Fcomments&post=644"}],"version-history":[{"count":8,"href":"https:\/\/www.vs-ludmannsdorf-bilcovs.at\/index.php?rest_route=\/wp\/v2\/pages\/644\/revisions"}],"predecessor-version":[{"id":34098,"href":"https:\/\/www.vs-ludmannsdorf-bilcovs.at\/index.php?rest_route=\/wp\/v2\/pages\/644\/revisions\/34098"}],"up":[{"embeddable":true,"href":"https:\/\/www.vs-ludmannsdorf-bilcovs.at\/index.php?rest_route=\/wp\/v2\/pages\/5"}],"wp:attachment":[{"href":"https:\/\/www.vs-ludmannsdorf-bilcovs.at\/index.php?rest_route=%2Fwp%2Fv2%2Fmedia&parent=644"}],"curies":[{"name":"wp","href":"https:\/\/api.w.org\/{rel}","templated":true}]}}