{"id":10351,"date":"2016-10-24T07:02:27","date_gmt":"2016-10-24T05:02:27","guid":{"rendered":"http:\/\/www.vs-ludmannsdorf-bilcovs.at\/?page_id=10351"},"modified":"2024-03-15T07:36:44","modified_gmt":"2024-03-15T06:36:44","slug":"nadja-feinig","status":"publish","type":"page","link":"https:\/\/www.vs-ludmannsdorf-bilcovs.at\/?page_id=10351","title":{"rendered":"Nadja Feinig"},"content":{"rendered":"<h3><a href=\"http:\/\/www.vs-ludmannsdorf-bilcovs.at\/?attachment_id=10352\" rel=\"attachment wp-att-10352\"><img loading=\"lazy\" decoding=\"async\" class=\"size-full wp-image-10352 alignleft\" src=\"http:\/\/www.vs-ludmannsdorf-bilcovs.at\/wp-content\/uploads\/Feinig-Nadja_-2016_17.jpg\" alt=\"feinig-nadja_-2016_17\" width=\"290\" height=\"354\" srcset=\"https:\/\/www.vs-ludmannsdorf-bilcovs.at\/wp-content\/uploads\/Feinig-Nadja_-2016_17.jpg 290w, https:\/\/www.vs-ludmannsdorf-bilcovs.at\/wp-content\/uploads\/Feinig-Nadja_-2016_17-246x300.jpg 246w\" sizes=\"auto, (max-width: 290px) 100vw, 290px\" \/><\/a>Nadja Feinig, BEd<\/h3>\n<p>Sonderp\u00e4d. F\u00f6rderung f\u00fcr H\u00f6rbeeintr\u00e4chtigte | Posebno pospe\u0161evanje za slu\u0161no prizadete<\/p>\n<p><strong><span style=\"color: #a40e0e;\"><span style=\"color: #68a9d3;\"><span style=\"text-decoration: underline;\">Sprechstunde<\/span>:&nbsp; &nbsp; &nbsp;Donnerstag &#8211; nach Vereinbarung<br \/>\n<\/span><\/span><\/strong><strong><span style=\"color: #a40e0e;\"><span style=\"color: #68a9d3;\"><span style=\"text-decoration: underline;\">Ura za pogovor<\/span>:&nbsp; &nbsp;\u010cetrtek &#8211; po dogovoru<\/span><\/span><\/strong><\/p>\n","protected":false},"excerpt":{"rendered":"<p>Nadja Feinig, BEd Sonderp\u00e4d. F\u00f6rderung f\u00fcr H\u00f6rbeeintr\u00e4chtigte | Posebno pospe\u0161evanje za slu\u0161no prizadete Sprechstunde:&nbsp; &nbsp; &nbsp;Donnerstag &#8211; nach Vereinbarung Ura za pogovor:&nbsp; &nbsp;\u010cetrtek &#8211; po dogovoru<\/p>\n","protected":false},"author":1,"featured_media":0,"parent":0,"menu_order":0,"comment_status":"closed","ping_status":"closed","template":"","meta":{"ngg_post_thumbnail":0,"footnotes":""},"class_list":["post-10351","page","type-page","status-publish"],"_links":{"self":[{"href":"https:\/\/www.vs-ludmannsdorf-bilcovs.at\/index.php?rest_route=\/wp\/v2\/pages\/10351","targetHints":{"allow":["GET"]}}],"collection":[{"href":"https:\/\/www.vs-ludmannsdorf-bilcovs.at\/index.php?rest_route=\/wp\/v2\/pages"}],"about":[{"href":"https:\/\/www.vs-ludmannsdorf-bilcovs.at\/index.php?rest_route=\/wp\/v2\/types\/page"}],"author":[{"embeddable":true,"href":"https:\/\/www.vs-ludmannsdorf-bilcovs.at\/index.php?rest_route=\/wp\/v2\/users\/1"}],"replies":[{"embeddable":true,"href":"https:\/\/www.vs-ludmannsdorf-bilcovs.at\/index.php?rest_route=%2Fwp%2Fv2%2Fcomments&post=10351"}],"version-history":[{"count":1,"href":"https:\/\/www.vs-ludmannsdorf-bilcovs.at\/index.php?rest_route=\/wp\/v2\/pages\/10351\/revisions"}],"predecessor-version":[{"id":29003,"href":"https:\/\/www.vs-ludmannsdorf-bilcovs.at\/index.php?rest_route=\/wp\/v2\/pages\/10351\/revisions\/29003"}],"wp:attachment":[{"href":"https:\/\/www.vs-ludmannsdorf-bilcovs.at\/index.php?rest_route=%2Fwp%2Fv2%2Fmedia&parent=10351"}],"curies":[{"name":"wp","href":"https:\/\/api.w.org\/{rel}","templated":true}]}}