{"id":6985,"date":"2015-09-24T12:36:54","date_gmt":"2015-09-24T10:36:54","guid":{"rendered":"http:\/\/www.vs-ludmannsdorf-bilcovs.at\/?page_id=6985"},"modified":"2019-10-23T11:01:09","modified_gmt":"2019-10-23T09:01:09","slug":"1-klasse-1-razred-2","status":"publish","type":"page","link":"http:\/\/www.vs-ludmannsdorf-bilcovs.at\/?page_id=6985","title":{"rendered":"4. Klasse &#8211; 2018\/19 | 4. razred &#8211; 2018\/19"},"content":{"rendered":"<p style=\"text-align: center;\"><a href=\"http:\/\/www.vs-ludmannsdorf-bilcovs.at\/?attachment_id=16609\" rel=\"attachment wp-att-16609\"><img loading=\"lazy\" decoding=\"async\" class=\"aligncenter size-full wp-image-16609\" src=\"http:\/\/www.vs-ludmannsdorf-bilcovs.at\/wp-content\/uploads\/0025.jpg\" alt=\"\" width=\"1024\" height=\"731\" srcset=\"http:\/\/www.vs-ludmannsdorf-bilcovs.at\/wp-content\/uploads\/0025.jpg 1024w, http:\/\/www.vs-ludmannsdorf-bilcovs.at\/wp-content\/uploads\/0025-300x214.jpg 300w, http:\/\/www.vs-ludmannsdorf-bilcovs.at\/wp-content\/uploads\/0025-768x548.jpg 768w\" sizes=\"auto, (max-width: 1024px) 100vw, 1024px\" \/><\/a><\/p>\n<p style=\"text-align: center;\">Klassenlehrerin | Razredna u\u010diteljica: vL Sara M\u00fcller<br \/>\nTeamlehrerin | Timska u\u010diteljica: VOL Sabine Totschnig<br \/>\nIntegrationslehrerin | U\u010diteljica za integracijo: SOL Doris Malle<\/p>\n","protected":false},"excerpt":{"rendered":"<p>Klassenlehrerin | Razredna u\u010diteljica: vL Sara M\u00fcller Teamlehrerin | Timska u\u010diteljica: VOL Sabine Totschnig Integrationslehrerin | U\u010diteljica za integracijo: SOL Doris Malle<\/p>\n","protected":false},"author":1,"featured_media":0,"parent":273,"menu_order":0,"comment_status":"closed","ping_status":"closed","template":"","meta":{"ngg_post_thumbnail":0,"footnotes":""},"class_list":["post-6985","page","type-page","status-publish"],"_links":{"self":[{"href":"http:\/\/www.vs-ludmannsdorf-bilcovs.at\/index.php?rest_route=\/wp\/v2\/pages\/6985","targetHints":{"allow":["GET"]}}],"collection":[{"href":"http:\/\/www.vs-ludmannsdorf-bilcovs.at\/index.php?rest_route=\/wp\/v2\/pages"}],"about":[{"href":"http:\/\/www.vs-ludmannsdorf-bilcovs.at\/index.php?rest_route=\/wp\/v2\/types\/page"}],"author":[{"embeddable":true,"href":"http:\/\/www.vs-ludmannsdorf-bilcovs.at\/index.php?rest_route=\/wp\/v2\/users\/1"}],"replies":[{"embeddable":true,"href":"http:\/\/www.vs-ludmannsdorf-bilcovs.at\/index.php?rest_route=%2Fwp%2Fv2%2Fcomments&post=6985"}],"version-history":[{"count":0,"href":"http:\/\/www.vs-ludmannsdorf-bilcovs.at\/index.php?rest_route=\/wp\/v2\/pages\/6985\/revisions"}],"up":[{"embeddable":true,"href":"http:\/\/www.vs-ludmannsdorf-bilcovs.at\/index.php?rest_route=\/wp\/v2\/pages\/273"}],"wp:attachment":[{"href":"http:\/\/www.vs-ludmannsdorf-bilcovs.at\/index.php?rest_route=%2Fwp%2Fv2%2Fmedia&parent=6985"}],"curies":[{"name":"wp","href":"https:\/\/api.w.org\/{rel}","templated":true}]}}