{"id":1837,"date":"2013-10-29T11:08:21","date_gmt":"2013-10-29T10:08:21","guid":{"rendered":"http:\/\/www.vs-ludmannsdorf-bilcovs.at\/?page_id=1837"},"modified":"2013-10-29T11:08:21","modified_gmt":"2013-10-29T10:08:21","slug":"lehrer-194445-ucitelji-194445","status":"publish","type":"page","link":"http:\/\/www.vs-ludmannsdorf-bilcovs.at\/?page_id=1837","title":{"rendered":"Lehrer 1944\/45 | U\u010ditelji 1944\/45"},"content":{"rendered":"<p><strong><span style=\"color: #a40e0e;\">1. Klasse | 1. razred:<\/span><\/strong> Alois Eder<\/p>\n<p><strong><span style=\"color: #a40e0e;\">2. Klasse | 2. razred:<\/span><\/strong>\u00a0Margit K\u00f6llich<\/p>\n<p><strong><span style=\"color: #a40e0e;\">3. Klasse | 3. razred:\u00a0<\/span><\/strong>Trude Holzer<\/p>\n<p><strong><span style=\"color: #a40e0e;\">4. Klasse | 4. razred:\u00a0<\/span><\/strong>Karla Homann<\/p>\n<p><strong><span style=\"color: #a40e0e;\">Vor\u00fcbergehend im Dienst | Za\u010dasno v slu\u017ebi:<\/span><\/strong> Isolde Mayer,\u00a0Ilse Egger<\/p>\n","protected":false},"excerpt":{"rendered":"<p>1. Klasse | 1. razred: Alois Eder 2. Klasse | 2. razred:\u00a0Margit K\u00f6llich 3. Klasse | 3. razred:\u00a0Trude Holzer 4. Klasse | 4. razred:\u00a0Karla Homann Vor\u00fcbergehend im Dienst | Za\u010dasno v slu\u017ebi: Isolde Mayer,\u00a0Ilse Egger<\/p>\n","protected":false},"author":1,"featured_media":0,"parent":0,"menu_order":0,"comment_status":"closed","ping_status":"open","template":"","meta":{"ngg_post_thumbnail":0,"footnotes":""},"class_list":["post-1837","page","type-page","status-publish"],"_links":{"self":[{"href":"http:\/\/www.vs-ludmannsdorf-bilcovs.at\/index.php?rest_route=\/wp\/v2\/pages\/1837","targetHints":{"allow":["GET"]}}],"collection":[{"href":"http:\/\/www.vs-ludmannsdorf-bilcovs.at\/index.php?rest_route=\/wp\/v2\/pages"}],"about":[{"href":"http:\/\/www.vs-ludmannsdorf-bilcovs.at\/index.php?rest_route=\/wp\/v2\/types\/page"}],"author":[{"embeddable":true,"href":"http:\/\/www.vs-ludmannsdorf-bilcovs.at\/index.php?rest_route=\/wp\/v2\/users\/1"}],"replies":[{"embeddable":true,"href":"http:\/\/www.vs-ludmannsdorf-bilcovs.at\/index.php?rest_route=%2Fwp%2Fv2%2Fcomments&post=1837"}],"version-history":[{"count":0,"href":"http:\/\/www.vs-ludmannsdorf-bilcovs.at\/index.php?rest_route=\/wp\/v2\/pages\/1837\/revisions"}],"wp:attachment":[{"href":"http:\/\/www.vs-ludmannsdorf-bilcovs.at\/index.php?rest_route=%2Fwp%2Fv2%2Fmedia&parent=1837"}],"curies":[{"name":"wp","href":"https:\/\/api.w.org\/{rel}","templated":true}]}}