{"id":1790,"date":"2013-10-29T08:33:00","date_gmt":"2013-10-29T07:33:00","guid":{"rendered":"http:\/\/www.vs-ludmannsdorf-bilcovs.at\/?page_id=1790"},"modified":"2013-10-29T08:33:00","modified_gmt":"2013-10-29T07:33:00","slug":"lehrer-196566-ucitelji-196566","status":"publish","type":"page","link":"http:\/\/www.vs-ludmannsdorf-bilcovs.at\/?page_id=1790","title":{"rendered":"Lehrer 1965\/66 | U\u010ditelji 1965\/66"},"content":{"rendered":"<p><span style=\"color: #a40e0e;\"><strong>1. Klasse | 1. razred:<\/strong>\u00a0<\/span>Therese Schellander<\/p>\n<p><span style=\"color: #a40e0e;\"><strong>2. Klasse | 2. razred:<\/strong><\/span>\u00a0Paula Prugger<\/p>\n<p><span style=\"color: #a40e0e;\"><strong>3. Klasse | 3. razred:\u00a0<\/strong><\/span>Ludmilla Mochar<\/p>\n<p><span style=\"color: #a40e0e;\"><strong>4. Klasse| 4. razred:<\/strong>\u00a0<\/span>Elke Jandl<\/p>\n<p><span style=\"color: #a40e0e;\"><strong>5. Klasse | 5. razred:<\/strong><\/span>\u00a0Helmut Krainer<\/p>\n<p><span style=\"color: #a40e0e;\"><strong>Religion | Verouk:<\/strong><\/span>\u00a0Lorenco Petri\u010di\u010d, Max Michor<br \/>\n<span style=\"color: #a40e0e;\"><strong>Handarbeit | Ro\u010dno delo:\u00a0<\/strong><\/span>Sigrun Nie\u00dfner<\/p>\n","protected":false},"excerpt":{"rendered":"<p>1. Klasse | 1. razred:\u00a0Therese Schellander 2. Klasse | 2. razred:\u00a0Paula Prugger 3. Klasse | 3. razred:\u00a0Ludmilla Mochar 4. Klasse| 4. razred:\u00a0Elke Jandl 5. Klasse | 5. razred:\u00a0Helmut Krainer Religion | Verouk:\u00a0Lorenco Petri\u010di\u010d, Max Michor Handarbeit | Ro\u010dno delo:\u00a0Sigrun Nie\u00dfner<\/p>\n","protected":false},"author":1,"featured_media":0,"parent":0,"menu_order":0,"comment_status":"closed","ping_status":"open","template":"","meta":{"ngg_post_thumbnail":0,"footnotes":""},"class_list":["post-1790","page","type-page","status-publish"],"_links":{"self":[{"href":"http:\/\/www.vs-ludmannsdorf-bilcovs.at\/index.php?rest_route=\/wp\/v2\/pages\/1790","targetHints":{"allow":["GET"]}}],"collection":[{"href":"http:\/\/www.vs-ludmannsdorf-bilcovs.at\/index.php?rest_route=\/wp\/v2\/pages"}],"about":[{"href":"http:\/\/www.vs-ludmannsdorf-bilcovs.at\/index.php?rest_route=\/wp\/v2\/types\/page"}],"author":[{"embeddable":true,"href":"http:\/\/www.vs-ludmannsdorf-bilcovs.at\/index.php?rest_route=\/wp\/v2\/users\/1"}],"replies":[{"embeddable":true,"href":"http:\/\/www.vs-ludmannsdorf-bilcovs.at\/index.php?rest_route=%2Fwp%2Fv2%2Fcomments&post=1790"}],"version-history":[{"count":0,"href":"http:\/\/www.vs-ludmannsdorf-bilcovs.at\/index.php?rest_route=\/wp\/v2\/pages\/1790\/revisions"}],"wp:attachment":[{"href":"http:\/\/www.vs-ludmannsdorf-bilcovs.at\/index.php?rest_route=%2Fwp%2Fv2%2Fmedia&parent=1790"}],"curies":[{"name":"wp","href":"https:\/\/api.w.org\/{rel}","templated":true}]}}